. List the prime factors of t.
2, 7
Suppose 2*s + s = -12, -17 = h - s. What are the prime factors of ((-14)/h)/(-4*4/(-1536))?
2
Let m be 2 - 3 - (-2)/4*2. Suppose -7*i + 4*i = m. Suppose i*s - h = 3*s - 71, 4*h = -16. List the prime factors of s.
5
Let n(t) = 33*t + 7. Let f be (-16)/(-2*(-1)/4*-2). List the prime factors of n(f).
5, 107
Suppose -o - 14*w + 33161 = -10*w, 2*w = -o + 33157. Suppose 7332 = -19*u + o. What are the prime factors of u?
3, 151
Let p = -281 + 316. Suppose -p*t - 5496 = -47*t. What are the prime factors of t?
2, 229
List the prime factors of 2588 + 3 + (-36)/4.
2, 1291
Suppose -73*f + 40*f + 430452 = 0. List the prime factors of f.
2, 3, 1087
Let u = 50 + -52. What are the prime factors of (u/(-3))/((-8)/(-17460)*5)?
3, 97
What are the prime factors of 4869*(6 + 196/(-63))?
2, 13, 541
Suppose -57*d + 548262 + 1384265 = 50*d. What are the prime factors of d?
18061
Suppose -s - 44 = 121. Let z(c) = -4*c**2 - 3*c + 13. Let u be z(-6). Let i = u - s. What are the prime factors of i?
2, 13
Let v(j) = -423*j - 33. Let t be v(-4). Suppose 8*w - t - 2421 = 0. What are the prime factors of 8/28 - w*(-8)/28?
2, 73
Let c(w) = 133*w + 36. Let p be c(-12). What are the prime factors of p/(0 + -4) + 5?
5, 79
Suppose 0 = -357*c + 378*c - 31135 - 36464. What are the prime factors of c?
3, 29, 37
Let y(c) = c**3 + 7*c**2 + 4*c - 1. Let a be y(-6). Suppose -3*k = -a*k + 336. Suppose -i = -z - 2*z - k, -2*i = -2*z - 84. What are the prime factors of i?
2, 3, 7
Let j(c) be the first derivative of -104*c**2 + 45. List the prime factors of j(-2).
2, 13
Suppose -17*v - 2142 = -24*v. Suppose 0 = 4*n - v - 1494. List the prime factors of n.
2, 3, 5
Let k = 21373 - 18141. List the prime factors of k.
2, 101
Suppose -19*i + 16*i = -12. Suppose -i*u + 1004 = 360. What are the prime factors of u?
7, 23
Suppose -8*b + 4*b - 784 = -4*c, -208 = -c + 5*b. Let u(k) = -15*k**2 - 11*k - 21. Let z be u(-2). Let r = z + c. List the prime factors of r.
2, 67
Suppose -6*f + 7 = 13. Let m be f*0/1*-1. Suppose 4*r - 3*r - 127 = m. What are the prime factors of r?
127
Let b(v) = 3*v**2 - 57*v - 27. Let u be b(19). List the prime factors of (-34)/68*(u + 1).
13
Suppose 4*u = 558 + 150. Suppose 5*w - 316 = 289. Suppose -120*b = -w*b + u. What are the prime factors of b?
3, 59
Let i(c) = 77*c + 1217. What are the prime factors of i(54)?
5, 43
Let u = -189 - -449. Suppose u*o = 261*o - 616. What are the prime factors of o?
2, 7, 11
Suppose -291*h + 1591087 - 91543 = -114*h. What are the prime factors of h?
2, 3, 353
Suppose 23*c - 45646 = 39431. List the prime factors of c.
3, 137
Let z be (-6)/(-30) - 27/(-15). List the prime factors of (53 + (5 - z))*(-2 + 13).
2, 7, 11
Suppose 4*p = 4 - 60. Let b(n) = 2*n**2 + 30*n + 33. Let f be b(p). Suppose 5*o + f*o - 1560 = 0. What are the prime factors of o?
2, 3, 13
Suppose 0 = 5*c - 3*n - 236446, 4*c - 4*n - 138164 - 51004 = 0. What are the prime factors of c?
5, 7, 193
Suppose 14*q = -1155 - 189. What are the prime factors of (-3 + q + -5)/(2/(-3))?
2, 3, 13
Suppose 84*l - 86*l + 1892 = 0. Suppose 0*j + 5*d = j - l, -1844 = -2*j - 2*d. List the prime factors of j.
2, 463
Let b(v) = 7. Let i(w) = -6*w + 28. Let r(k) = 13*b(k) - 3*i(k). Suppose 5 = 5*g + n, 0*g = -4*g - 5*n - 17. What are the prime factors of r(g)?
43
Let s = -18415 - -32522. List the prime factors of s.
14107
Let l(n) be the second derivative of 7*n**4/4 + n**3/2 - 3*n**2 + 62*n. Let v be (-20)/(-15) - (-2)/3. What are the prime factors of l(v)?
2, 3, 7
Let o(z) = -100*z + 141. Let y be o(-9). Let m = y + 210. List the prime factors of m.
3, 139
Let t(q) = 708*q**2 - 355*q - 2832. List the prime factors of t(-8).
2, 5, 11, 103
Suppose 2*v + 280 = -516. Let b = v + 648. Suppose 5*o = -5*o + b. What are the prime factors of o?
5
Suppose -5*k = 5*d - 222505, -8*d + 5*d - 9 = 0. What are the prime factors of k?
2, 5563
Let r = -45 + -58. Let g(q) = q**3 + 12*q**2 - q + 2. Let c be g(-5). Let s = c + r. List the prime factors of s.
79
Let j(l) = 3372*l**2 + 42*l - 39. What are the prime factors of j(1)?
3, 5
Let d be 2/8 - ((-5565)/(-20))/(-7). Let p = 53 - d. List the prime factors of p/4 - (-3)/4.
2
Let t(r) be the second derivative of 11*r**4/24 - 17*r**3/3 + 12*r**2 + 32*r. Let a(g) be the first derivative of t(g). What are the prime factors of a(17)?
3, 17
Suppose -44*k + 6996 = -41*k. Suppose 6*b + 3*a = b + 5844, -k = -2*b - 4*a. What are the prime factors of b?
2, 3, 5, 13
Suppose -1473 = -y + 5*i, i + 2714 = 2*y - 268. Suppose 3*z - 3*s - y = 505, -5*z + 3324 = -3*s. What are the prime factors of z?
3, 13, 17
Let j = 17384 + -8244. List the prime factors of j.
2, 5, 457
Let q(b) = -54*b**2 + 6*b - 1. Let g(t) = t**2 - t. Let s(w) = -6*g(w) - q(w). Let f be s(1). Suppose -2*u + f = -39. List the prime factors of u.
2, 11
Let j = 1410 - 886. Let i(s) = -50*s - 2. Let t be i(7). Let a = j + t. List the prime factors of a.
2, 43
Let w = -238 - 183. Let k = -60 - w. List the prime factors of k.
19
Let w(k) = 3*k**2 + 35*k - 6. Let f(j) = 4*j**2 + 116*j + 5. Let o be f(-29). What are the prime factors of w(o)?
2, 61
Suppose -1373*f + 1809 = -1364*f. List the prime factors of f.
3, 67
Let o be (2 - 3) + 0 + 1 + 132. List the prime factors of 6/(-33) - (-7152)/o.
2, 3
Let m = -81 - -111. Suppose -4*u = -2*a + m, u = -4*u - 15. Suppose 8*r = a*r - 48. What are the prime factors of r?
2, 3
Suppose 137 = -6*o + 53. Let i be (10/14)/((-2)/o). Suppose 145 = i*d - 4*d. List the prime factors of d.
5, 29
Let h(c) = -14*c - 17. Let d be (1*(2 + -3))/(-1). Let o be (6 - (11 + -2)) + (d - 5). List the prime factors of h(o).
3
Suppose 9*q + 1610 = 1655. Let b(l) = 13*l - 118. Let h(o) = -9*o + 79. Let k(t) = -5*b(t) - 7*h(t). What are the prime factors of k(q)?
3
Suppose 4*i - j - 323 = 0, -5*j + 0 = -25. Let z be i/2 + ((-1)/(-1) - -2). Suppose t - 5*v + 2*v = z, -104 = -3*t - 5*v. List the prime factors of t.
2, 19
Let a(o) = o + 10. Let q be a(-5). Suppose r + 3*r - 19 = -q*f, 5*r - 17 = -4*f. Suppose -u = f*m + 4*u - 180, 0 = -u. List the prime factors of m.
2, 3, 5
Let y = 19 - -107. What are the prime factors of 66549/y + 3/(-18)?
2, 3, 11
What are the prime factors of 1/19 + (-1598)/(-323) - -13614?
13619
Let i(x) = -9*x - 12. Let b be i(-10). Suppose -190*l = -194*l + 388. Let t = l - b. What are the prime factors of t?
19
Suppose 4*d + 15 = 3*v - 2, 2*d - 30 = -4*v. Let w(y) = y - 1. Let u(q) = -16*q + 25. Let c(f) = -u(f) - 3*w(f). What are the prime factors of c(v)?
3, 23
Suppose 2*p - 5*g - 79 = 0, 3*g = -5*p + 2*p + 129. Let f = 44 - p. Suppose 2*c = 2*o - 414, 509 = 4*o + f*c - 301. What are the prime factors of o?
2, 3, 17
Suppose 2*w - 1 = 3*c - 2, -5*w = -3*c - 2. Suppose -w - 2 = -j. What are the prime factors of 8*-23*3/(-6) - j?
89
Let q(n) = -n**3 + 41*n**2 + 55*n - 116. What are the prime factors of q(42)?
2, 5, 43
What are the prime factors of 3 + 1 - ((-6)/8)/((-5)/(-123940))?
5, 3719
Let n = -2124 + 4368. List the prime factors of n.
2, 3, 11, 17
Let m = 1591 - 1048. List the prime factors of m.
3, 181
Suppose 4*b - 395 = -b. Let i(w) = -44*w + 215. Let m be i(5). Let y = b - m. List the prime factors of y.
2, 3, 7
Let a(o) = -3*o**2 - 73*o - 477. Let w be a(-9). Let f = -4 + 73. Let n = w + f. What are the prime factors of n?
2, 3
Let q(o) = -10*o**2 + o - 41. Let i(m) = 1975 - 2*m + m - 1955 + 5*m**2. Let s(x) = 5*i(x) + 2*q(x). What are the prime factors of s(4)?
2, 43
Let v = -253 - -256. Suppose v*y - 128 = 145. What are the prime factors of y?
7, 13
Let v = -208 - -220. List the prime factors of (-18)/5*((-2576)/v - 2).
2, 3, 5, 13
Let n = 10189 + -3465. List the prime factors of n.
2, 41
Let h(j) = j**2 - 7*j + 7. Suppose 0 = -3*n, -4*n - 7 = o - 1. Let z be h(o). Let g = 122 - z. What are the prime factors of g?
37
Suppose 106807 = -7*l + 23*l + 13*l. What are the prime factors of l?
29, 127
Let f = 49 - 61. Let i be f + 8 + 22/(-1). Let v = i + 37. What are the prime factors of v?
11
Suppose 1524*u - 2*w + 10668 = 1528*u, w = 6. What are the prime factors of u?
2, 3, 37
Let i(l) = -l**3 - 2*l**2 - 2*l + 1. Let u be i(2). Let p(a) = -a**3 - 20*a**2 - 20*a - 20. Let k be p(u). What are the prime factors of k - (4*40)/(-2)?
79
Let